ctors of 131786?
2, 131, 503
List the prime factors of 637510.
2, 5, 37, 1723
List the prime factors of 26066617.
3391, 7687
What are the prime factors of 283112?
2, 43, 823
List the prime factors of 399533.
23, 29, 599
What are the prime factors of 413089?
413089
List the prime factors of 978716.
2, 307, 797
What are the prime factors of 90477?
3, 1117
List the prime factors of 2278342.
2, 11, 103561
List the prime factors of 2729040.
2, 3, 5, 83, 137
What are the prime factors of 2379760?
2, 5, 151, 197
List the prime factors of 1399.
1399
What are the prime factors of 313589?
313589
What are the prime factors of 1505391?
3, 31, 16187
What are the prime factors of 4370729?
11, 73, 5443
List the prime factors of 44965.
5, 17, 23
List the prime factors of 7034374.
2, 167, 21061
What are the prime factors of 1449650?
2, 5, 79, 367
List the prime factors of 1253334.
2, 3, 208889
List the prime factors of 4172891.
1931, 2161
List the prime factors of 68143.
83, 821
What are the prime factors of 695261?
7, 2027
What are the prime factors of 5336144?
2, 11, 30319
What are the prime factors of 351798?
2, 3, 17, 3449
List the prime factors of 364700.
2, 5, 7, 521
List the prime factors of 432182.
2, 216091
List the prime factors of 862586.
2, 331, 1303
List the prime factors of 6683835.
3, 5, 445589
List the prime factors of 10102726.
2, 17, 107, 2777
List the prime factors of 2225735.
5, 37, 53, 227
List the prime factors of 50067.
3, 5563
What are the prime factors of 194246?
2, 13, 31, 241
What are the prime factors of 124592?
2, 13, 599
What are the prime factors of 124066?
2, 17, 41, 89
List the prime factors of 3099865.
5, 17, 36469
List the prime factors of 295326.
2, 3, 1823
What are the prime factors of 213234?
2, 3, 7, 5077
List the prime factors of 3609155.
5, 11, 211, 311
What are the prime factors of 1526204?
2, 83, 4597
What are the prime factors of 4370980?
2, 5, 218549
What are the prime factors of 5090428?
2, 7, 29, 6269
What are the prime factors of 1219362?
2, 3, 203227
What are the prime factors of 1964677?
11, 13, 1249
What are the prime factors of 94662?
2, 3, 1753
List the prime factors of 9790413.
3, 3263471
What are the prime factors of 48751?
48751
What are the prime factors of 67747?
37, 1831
List the prime factors of 2617389.
3, 290821
What are the prime factors of 4581868?
2, 641, 1787
List the prime factors of 51939.
3, 29, 199
List the prime factors of 392649.
3, 17, 7699
What are the prime factors of 776446?
2, 11, 29, 1217
What are the prime factors of 2295969?
3, 13, 17, 3463
List the prime factors of 2142336.
2, 3, 7, 797
What are the prime factors of 338522?
2, 193, 877
List the prime factors of 3371137.
7, 11, 43781
What are the prime factors of 1480759?
7, 199, 1063
What are the prime factors of 4446137?
4446137
List the prime factors of 151207.
7, 21601
List the prime factors of 104175.
3, 5, 463
List the prime factors of 457744.
2, 7, 61, 67
What are the prime factors of 14400305?
5, 421, 6841
What are the prime factors of 3389770?
2, 5, 61, 5557
What are the prime factors of 601147?
601147
List the prime factors of 101393.
41, 2473
List the prime factors of 57046.
2, 11, 2593
List the prime factors of 1279887.
3, 7, 59, 1033
What are the prime factors of 2918631?
3, 23, 42299
What are the prime factors of 13256495?
5, 7, 378757
What are the prime factors of 11884498?
2, 5942249
List the prime factors of 19901178.
2, 3, 11, 100511
What are the prime factors of 263444?
2, 67, 983
List the prime factors of 332787.
3, 7, 13, 23, 53
What are the prime factors of 92721?
3, 31, 997
What are the prime factors of 2110205?
5, 422041
List the prime factors of 75433.
241, 313
What are the prime factors of 346930?
2, 5, 34693
List the prime factors of 357488.
2, 22343
What are the prime factors of 318519?
3, 47, 251
List the prime factors of 1331051.
1331051
List the prime factors of 19379.
19379
List the prime factors of 899166.
2, 3, 149861
List the prime factors of 19725.
3, 5, 263
What are the prime factors of 616552?
2, 77069
What are the prime factors of 25353322?
2, 139, 91199
List the prime factors of 2588545.
5, 67, 7727
List the prime factors of 6240386.
2, 101, 30893
List the prime factors of 5023656.
2, 3, 11, 6343
List the prime factors of 1228142.
2, 614071
What are the prime factors of 17013?
3, 53, 107
What are the prime factors of 576496?
2, 137, 263
What are the prime factors of 630442?
2, 101, 3121
List the prime factors of 5442728.
2, 680341
List the prime factors of 27647100.
2, 3, 5, 13, 17, 139
List the prime factors of 147062.
2, 23, 139
List the prime factors of 7898061.
3, 2632687
What are the prime factors of 2230164?
2, 3, 61949
List the prime factors of 7777713.
3, 29, 89399
List the prime factors of 1424381.
7, 41, 709
What are the prime factors of 77815?
5, 79, 197
What are the prime factors of 393663?
3, 131221
What are the prime factors of 7441761?
3, 2480587
List the prime factors of 2443986.
2, 3, 45259
List the prime factors of 3147680.
2, 5, 103, 191
List the prime factors of 1323426.
2, 3, 13, 19, 47
List the prime factors of 4509961.
4509961
What are the prime factors of 611529?
3, 203843
List the prime factors of 2906256.
2, 3, 191, 317
What are the prime factors of 1612134?
2, 3, 89563
What are the prime factors of 3195474?
2, 3, 331, 1609
What are the prime factors of 12227127?
3, 11, 19, 19501
List the prime factors of 1428347.
83, 17209
What are the prime factors of 499334?
2, 11, 22697
List the prime factors of 963421.
467, 2063
List the prime factors of 2247252.
2, 3, 7, 31, 863
What are the prime factors of 23253177?
3, 103, 75253
List the prime factors of 453554.
2, 226777
List the prime factors of 2927195.
5, 41, 109, 131
What are the prime factors of 190772?
2, 37, 1289
What are the prime factors of 79864?
2, 67, 149
List the prime factors of 97071.
3, 13, 19, 131
List the prime factors of 185565.
3, 5, 89, 139
List the prime factors of 3973736.
2, 13, 19, 2011
List the prime factors of 1267789.
1267789
List the prime factors of 27926763.
3, 9308921
List the prime factors of 7819614.
2, 3, 11, 73, 541
List the prime factors of 5041841.
7, 373, 1931
What are the prime factors of 328428?
2, 3, 3041
List the prime factors of 69278.
2, 11, 47, 67
What are the prime factors of 3833259?
3, 1277753
List the prime factors of 2134356.
2, 3, 7, 25409
What are the prime factors of 27247093?
27247093
List the prime factors of 6206004.
2, 3, 7, 8209
What are the prime factors of 2297712?
2, 3, 47869
What are the prime factors of 30242?
2, 15121
List the prime factors of 4506189.
3, 1502063
What are the prime factors of 180719?
7, 11, 2347
List the prime factors of 261314.
2, 130657
What are the prime factors of 8659117?
19, 167, 2729
What are the prime factors of 1409055?
3, 5, 93937
List the prime factors of 11715716.
2, 2928929
What are the prime factors of 15092417?
223, 67679
What are the prime factors of 185830?
2, 5, 18583
What are the prime factors of 291485?
5, 97, 601
List the prime factors of 194861.
194861
What are the prime factors of 1319224?
2, 103, 1601
What are the prime factors of 2380466?
2, 11, 108203
List the prime factors of 188709.
3, 62903
List the prime factors of 4873950.
2, 3, 5, 10831
What are the prime factors of 950908?
2, 7, 33961
List the prime factors of 9064264.
2, 11, 17, 73, 83
List the prime factors of 390.
2, 3, 5, 13
What are the prime factors of 12626364?
2, 3, 1052197
What are the prime factors of 3315159?
3, 479, 769
What are the prime factors of 429180?
2, 3, 5, 23, 311
List the prime factors of 1692021.
3, 127, 4441
List the prime factors of 87330.
2, 3, 5, 41, 71
List the prime factors of 331224.
2, 3, 37, 373
List the prime factors of 1722444.
2, 3, 143537
What are the prime factors of 1042226?
2, 19, 27427
What are the prime factors of 4319726?
2, 19, 31, 193
What are the prime factors of 5555617?
17, 29, 59, 191
List the prime factors of 163657.
13, 12589
List the prime factors of 137449.
13, 97, 109
List the prime factors of 5834956.
2, 41, 47, 757
List the prime factors of 13644190.
2, 5, 7, 194917
List the prime factors of 223627.
113, 1979
List the prime factors of 4048010.
2, 5, 367, 1103
What are the prime factors of 18335922?
2,